 -21?
8
Suppose -3*i = -0*h - 4*h + 11596, 0 = -5*h + 5*i + 14500. What is the thousands digit of h?
2
Let g(l) = -2*l**2 + 2467. What is the hundreds digit of g(0)?
4
Suppose -5*x + 1632 = 3*u, -4*u - 101 = 2*x - 765. What is the units digit of x?
4
Suppose -6*s + 4350 + 4872 = 0. What is the units digit of s?
7
Suppose 0 = 85*v - 120063 - 5907. What is the thousands digit of v?
1
Suppose 5 = 4*n + 5*f - 10, 5*f = -2*n + 5. Let p(l) = 10*l**2 - 3*l + 1. Let j be p(-5). Suppose j - 41 = n*q. What is the units digit of q?
5
Let b = 3146 - 1266. What is the hundreds digit of b?
8
Let l be 12/36 - 19/3. Let a = -20 - -11. What is the tens digit of (l - a) + -2 + 17?
1
Suppose -78 = -5*u + 2. Let j = -14 + u. Suppose -4*d = -j*q - 138, 0 = 5*d + 4*q + 62 - 241. What is the units digit of d?
5
Suppose -8*w - 37*w = -43245. What is the units digit of w?
1
Suppose 19*u = 7531 + 1038. What is the tens digit of u?
5
Let h = 8 + -11. Let k be 0 + -4*h/6. Suppose -5*q + 75 = 5*s, 75 = 5*s - k*q + q. What is the tens digit of s?
1
Let h be ((-21)/42)/(1/(-614)). Suppose -4*z + 1043 - h = 0. What is the units digit of z?
4
Let y(q) = -6*q - 7*q - 4 + 12*q - 5*q - 2*q**2. Let p be y(-4). What is the tens digit of (2/3)/(p/(-846))?
4
What is the tens digit of 63554/(-215)*(-10)/2?
7
Let g(r) = r - 1. Let j be g(7). Suppose j*w - 74 = 154. What is the units digit of w?
8
Let o be (1/3)/(7/(504/6)). Let a(p) = p + 15. Let y be a(0). Suppose o*t + y = 7*t. What is the units digit of t?
5
Let v = -15 + 30. Let l be 3/v*-4*5. What is the units digit of (-13*(-4)/l)/(-1)?
3
Suppose -16*t = -11*t. Suppose t*u = -u + 23. Suppose 305 = u*f - 18*f. What is the tens digit of f?
6
Let n = 2 + 1. Let q(r) = 2*r**2 - 2*r - 3. Let w be q(n). Suppose -1 - w = -2*h. What is the units digit of h?
5
Let v(w) = w**2 + 19*w - 34. Let d be v(-21). Suppose -722 + 26 = -d*q. What is the tens digit of q?
8
Let z(c) = 9*c**2 - 13*c + 26. Let j be z(8). Suppose 5*i + 2*x = j, 3*i - x = 297 - 7. What is the tens digit of i?
9
Let o(w) = w + 9. Let k be o(-7). Suppose 5*v + 261 = c, -9 = k*c + 4*v - 587. What is the tens digit of c?
8
What is the tens digit of (-3114)/27*9/(-3)?
4
Let g = 1814 - 1274. What is the hundreds digit of g?
5
Let q(f) = -f**2 + 6*f - 3. Let c be (16/(-12))/(5/(-15)). What is the units digit of q(c)?
5
Let u(q) = -27*q**3 - 5*q**2 + 3*q + 4. Let r be u(2). Let v = -18 - r. What is the units digit of v?
8
Let g(p) = 4*p**2 + 4*p + 6. Let h be g(-4). Suppose 7*x - 5*x - h = 0. What is the units digit of x?
7
Let z(i) = 4*i**2 + 14*i - 131. What is the thousands digit of z(16)?
1
Suppose 5*o = 3*k - 2121, 5*o - 7*o = 5*k - 3566. What is the units digit of k?
2
Let u be (-7900)/(-60) + 2/6. What is the units digit of (3 - u/20)/((-2)/10)?
8
Suppose 5*f = -5*z + 105, 3*f - 54 = -2*z - 2*f. Suppose -z*d + 10*d = -735. What is the units digit of d?
5
Let y be (10/(-25))/((-2)/20). Suppose 0 = y*c + c - 60. Suppose 0 = -7*d + c*d - 300. What is the tens digit of d?
6
Let s(d) = 2*d + 13. Let q be -2 + (6 - 2) - 7. Let n be s(q). Suppose -2*a - 5*x = -x - 92, -n*x - 56 = -a. What is the units digit of a?
0
Let l(o) = o**3 - 10*o**2 - 12*o + 21. Let h be l(11). Suppose 137 = -h*x + 11*x. What is the hundreds digit of x?
1
Let f(y) = -4*y**2 + 4*y + 3*y**2 - 2*y**2 + 2 + 2*y**2. What is the units digit of f(3)?
5
Suppose 0 = n - 588 + 37. What is the tens digit of n?
5
Suppose -2*w - 65 = 2*w + 5*b, -w + b - 23 = 0. Suppose 2*u + 13 = -5. Let r = u - w. What is the tens digit of r?
1
Suppose -13*t + 18*t + 1739 = 3*q, 0 = -q + 4*t + 575. What is the hundreds digit of q?
5
Suppose 2*f + 5*s - 3 = 1, 0 = -f - 4*s + 8. What is the tens digit of 196*(3 - (-26)/f)*-2?
9
Let h(a) = -871*a + 39. What is the tens digit of h(-1)?
1
Suppose -2 = 3*l + 1. Let o be l/(-5) - 716/(-20). Suppose 3 = -w + o. What is the units digit of w?
3
What is the hundreds digit of 2/6 - (1374/9)/(-1)?
1
Let k be (-2)/(2/1 + 0). Let j be (8/(-6))/k*-3. What is the units digit of (-12)/j*(-2 - -7)?
5
Let l(s) = s - 1. Let a be l(-5). Let x = a + 10. Let f(d) = d**2 - 5*d + 8. What is the units digit of f(x)?
4
Suppose -5*k + 11 = -9. Let n be 0*-2*3/12. Suppose n = 2*d, -k*d = 2*u + 3*u - 185. What is the units digit of u?
7
Let q(c) = -42*c. Let r be q(-3). Suppose -r - 64 = -5*f. What is the tens digit of f?
3
Let y(q) = -q + 5. Let n be y(-14). Suppose n*f - 1287 = 8*f. What is the hundreds digit of f?
1
Let o(h) = 13*h**2 - 8*h + 10. What is the tens digit of o(2)?
4
Let k = 7 + -8. Let t = 5 + k. Suppose -5*c - 24 = 3*l - t*l, -4*l + 4*c + 112 = 0. What is the units digit of l?
9
Let u(k) = -3*k**3 - 5*k**2 - k + 4. Let v be u(-4). Let p = -66 + v. What is the tens digit of p?
5
Let u be -4*(1 - 2) - 1. Let t be (u/6)/(3/132). Let j = -11 + t. What is the tens digit of j?
1
Suppose -21*d + 16*d + 1310 = 0. What is the units digit of d?
2
Let t(c) = -c - 1. Let v(g) = -9*g - 4. Let o(n) = 3*t(n) - v(n). What is the units digit of o(6)?
7
Suppose -7*z + 2*z + 1045 = 0. What is the hundreds digit of z?
2
Let g = 104 + 371. Let m = g + -294. What is the units digit of m?
1
What is the units digit of -1 + (2 - 2) - -588?
7
Let m = 5 + 1. Suppose -8*k + 5*k + m = 0. Suppose 2*q + 4*n = 16, -2*q + 0*n = -k*n - 10. What is the units digit of q?
6
Suppose -5*n - 4*j + 2 = 0, 5*n - 5*j = 16 + 4. Suppose 19*y - 17*y - 76 = c, -154 = -4*y + 3*c. Let t = y + n. What is the units digit of t?
9
Let a(k) = k**3 - 5*k**2 - 8*k + 7. Let u be a(6). Let y be ((-20)/(-3))/(u/(-15)). Let p = y - 12. What is the units digit of p?
8
Let n = -1217 - -1969. What is the tens digit of n?
5
Suppose 4*k - 467 = -l, -5*k + 3*k = -4*l - 220. What is the hundreds digit of k?
1
Let p(h) = 5*h**3 + 9*h**2 + 6*h + 1. Let v be p(-4). Let j = -101 - v. What is the units digit of j?
8
Suppose 7*i + 3*i - 7230 = 0. What is the hundreds digit of i?
7
What is the hundreds digit of (36510/(-120))/((3/(-4))/3)?
2
Suppose -8*s - 4093 = -5*r - 6*s, 3*s = -4*r + 3279. What is the units digit of r?
9
Let l(d) = 32*d**2 - 3*d - 2. Let s be l(-1). Let v be 11/s - (-190)/6. What is the units digit of 2*v/2 - 1?
1
Suppose -u - m + 148 = -3*u, -5*u - 4*m - 396 = 0. Let j = u + 46. What is the units digit of (-16)/(-120) + (-656)/j?
2
Suppose 2*j = -2*j - 16. Let p(w) = -2*w**3 - 3*w**2 - w - 2. Let a be p(j). Let m = a - 55. What is the tens digit of m?
2
Let c(s) = -1. Let o(j) = -2*j - 11. Let v(k) = -24*c(k) + 3*o(k). What is the tens digit of v(-5)?
2
What is the units digit of (-8)/((33/228)/(-11))?
8
What is the tens digit of (-16)/(-28) + (-370)/(-105)*186?
5
Let y = 2497 - 727. What is the units digit of y?
0
Let a = -41 - -40. What is the tens digit of a/(-2)*(-3 + 59)?
2
Suppose 12 = -0*f - 2*f. Let z(i) = -2*i**2 + i + 2. Let w(v) = 8*v**2 - 13*v - 11. Let x(q) = -w(q) - 5*z(q). What is the units digit of x(f)?
5
Let s(a) = 3*a - 87. Let c be s(27). What is the units digit of -2 - c - -1*184?
8
What is the units digit of 964 - 8/28*7?
2
Let t(g) = -2*g + 5*g**2 + 1 - 4*g**2 + 4*g**2. Let p be t(1). Suppose -2*k - 3*x = -65, 5 = -p*x - x. What is the units digit of k?
4
What is the thousands digit of ((-133)/4)/(91/(-5096))?
1
Let u be -2*-7*(-4)/8. Let y = 11 + u. Suppose -2*n - 20 = -y*n. What is the units digit of n?
0
Let f(g) = -14*g. Let j be f(-5). Let i = 113 - j. What is the tens digit of i?
4
Let d(s) be the third derivative of s**4/6 - 2*s**3 - 2*s**2. Let g(h) = h. Let j(o) = -d(o) + 3*g(o). What is the units digit of j(0)?
2
Suppose 0*m + m = 2*s - 9, 2*m + 14 = 2*s. Let f(d) = d**3 + 4*d**2 - 3*d + 1. Let n be f(m). Let z = 32 + n. What is the units digit of z?
3
Let g = 250 - 53. Let x = 38 + g. What is the hundreds digit of x?
2
Suppose 2*p = 2*f + 52, 0 = p + p + 4*f - 46. What is the units digit of p?
5
Let o(i) = i**3 + 3*i**2 + 3*i + 2. Let z = -13 - -10. Let t be o(z). Let d = t + 28. What is the units digit of d?
1
Suppose -3 = -s + 10. Let l(j) = 2*j - 2. Let b be l(s). Let a = b - 21. What is the units digit of a?
3
Let r = -45 - -43. What is the tens digit of 1158/12 + r/(-4)?
9
Let y = 1007 + -557. What is the hundreds digit of y?
4
Suppose -4*o + 5636 = 4*c, -8*o = -3*o - 5*c - 6995. What is the units digit